{"id":1336,"date":"2019-11-01T16:15:21","date_gmt":"2019-11-01T15:15:21","guid":{"rendered":"http:\/\/cuellarcot.com\/wp-content\/uploads\/2019\/11\/diario-vasco-aula-de-salud-.jpg"},"modified":"2019-11-01T16:16:19","modified_gmt":"2019-11-01T15:16:19","slug":"diario-vasco-aula-de-salud","status":"inherit","type":"attachment","link":"https:\/\/cuellarcot.com\/index.php\/2019\/11\/01\/exito-en-el-aula-de-salud-celebrada-ayer-bajo-el-titulo-protesis-personalizadas-y-cirugia-artroscopica-para-tratar-patologias-de-hombro\/diario-vasco-aula-de-salud\/","title":{"rendered":"diario-vasco-aula-de-salud-"},"author":1,"comment_status":"open","ping_status":"closed","template":"","meta":{"_exactmetrics_skip_tracking":false,"_exactmetrics_sitenote_active":false,"_exactmetrics_sitenote_note":"","_exactmetrics_sitenote_category":0,"ngg_post_thumbnail":0},"yoast_head":"<!-- This site is optimized with the Yoast SEO plugin v20.11 - https:\/\/yoast.com\/wordpress\/plugins\/seo\/ -->\n<title>diario-vasco-aula-de-salud-<\/title>\n<meta name=\"robots\" content=\"index, follow, max-snippet:-1, max-image-preview:large, max-video-preview:-1\" \/>\n<link rel=\"canonical\" href=\"https:\/\/cuellarcot.com\/wp-content\/uploads\/2019\/11\/diario-vasco-aula-de-salud-.jpg\" \/>\n<meta property=\"og:locale\" content=\"es_ES\" \/>\n<meta property=\"og:type\" content=\"article\" \/>\n<meta property=\"og:title\" content=\"diario-vasco-aula-de-salud-\" \/>\n<meta property=\"og:url\" content=\"https:\/\/cuellarcot.com\/wp-content\/uploads\/2019\/11\/diario-vasco-aula-de-salud-.jpg\" \/>\n<meta property=\"article:modified_time\" content=\"2019-11-01T15:16:19+00:00\" \/>\n<meta property=\"og:image\" content=\"https:\/\/cuellarcot.com\/wp-content\/uploads\/2019\/11\/diario-vasco-aula-de-salud-.jpg\" \/>\n\t<meta property=\"og:image:width\" content=\"867\" \/>\n\t<meta property=\"og:image:height\" content=\"1193\" \/>\n\t<meta property=\"og:image:type\" content=\"image\/jpeg\" \/>\n<meta name=\"twitter:card\" content=\"summary_large_image\" \/>\n<script type=\"application\/ld+json\" class=\"yoast-schema-graph\">{\"@context\":\"https:\/\/schema.org\",\"@graph\":[{\"@type\":\"WebPage\",\"@id\":\"https:\/\/cuellarcot.com\/wp-content\/uploads\/2019\/11\/diario-vasco-aula-de-salud-.jpg\",\"url\":\"https:\/\/cuellarcot.com\/wp-content\/uploads\/2019\/11\/diario-vasco-aula-de-salud-.jpg\",\"name\":\"diario-vasco-aula-de-salud-\",\"isPartOf\":{\"@id\":\"https:\/\/cuellarcot.com\/#website\"},\"datePublished\":\"2019-11-01T15:15:21+00:00\",\"dateModified\":\"2019-11-01T15:16:19+00:00\",\"breadcrumb\":{\"@id\":\"https:\/\/cuellarcot.com\/wp-content\/uploads\/2019\/11\/diario-vasco-aula-de-salud-.jpg#breadcrumb\"},\"inLanguage\":\"es\",\"potentialAction\":[{\"@type\":\"ReadAction\",\"target\":[\"https:\/\/cuellarcot.com\/wp-content\/uploads\/2019\/11\/diario-vasco-aula-de-salud-.jpg\"]}]},{\"@type\":\"BreadcrumbList\",\"@id\":\"https:\/\/cuellarcot.com\/wp-content\/uploads\/2019\/11\/diario-vasco-aula-de-salud-.jpg#breadcrumb\",\"itemListElement\":[{\"@type\":\"ListItem\",\"position\":1,\"name\":\"Portada\",\"item\":\"https:\/\/cuellarcot.com\/\"},{\"@type\":\"ListItem\",\"position\":2,\"name\":\"\u00c9xito en el Aula de Salud celebrada ayer bajo el t\u00edtulo \u00abPr\u00f3tesis personalizadas y cirug\u00eda artrosc\u00f3pica para tratar patolog\u00edas de hombro\u00bb\",\"item\":\"https:\/\/cuellarcot.com\/index.php\/2019\/11\/01\/exito-en-el-aula-de-salud-celebrada-ayer-bajo-el-titulo-protesis-personalizadas-y-cirugia-artroscopica-para-tratar-patologias-de-hombro\/\"},{\"@type\":\"ListItem\",\"position\":3,\"name\":\"diario-vasco-aula-de-salud-\"}]},{\"@type\":\"WebSite\",\"@id\":\"https:\/\/cuellarcot.com\/#website\",\"url\":\"https:\/\/cuellarcot.com\/\",\"name\":\"\",\"description\":\"Traumatolog\u00eda, Cirug\u00eda ortop\u00e9dica y Artroscopia\",\"potentialAction\":[{\"@type\":\"SearchAction\",\"target\":{\"@type\":\"EntryPoint\",\"urlTemplate\":\"https:\/\/cuellarcot.com\/?s={search_term_string}\"},\"query-input\":\"required name=search_term_string\"}],\"inLanguage\":\"es\"}]}<\/script>\n<!-- \/ Yoast SEO plugin. -->","yoast_head_json":{"title":"diario-vasco-aula-de-salud-","robots":{"index":"index","follow":"follow","max-snippet":"max-snippet:-1","max-image-preview":"max-image-preview:large","max-video-preview":"max-video-preview:-1"},"canonical":"https:\/\/cuellarcot.com\/wp-content\/uploads\/2019\/11\/diario-vasco-aula-de-salud-.jpg","og_locale":"es_ES","og_type":"article","og_title":"diario-vasco-aula-de-salud-","og_url":"https:\/\/cuellarcot.com\/wp-content\/uploads\/2019\/11\/diario-vasco-aula-de-salud-.jpg","article_modified_time":"2019-11-01T15:16:19+00:00","og_image":[{"width":867,"height":1193,"url":"https:\/\/cuellarcot.com\/wp-content\/uploads\/2019\/11\/diario-vasco-aula-de-salud-.jpg","type":"image\/jpeg"}],"twitter_card":"summary_large_image","schema":{"@context":"https:\/\/schema.org","@graph":[{"@type":"WebPage","@id":"https:\/\/cuellarcot.com\/wp-content\/uploads\/2019\/11\/diario-vasco-aula-de-salud-.jpg","url":"https:\/\/cuellarcot.com\/wp-content\/uploads\/2019\/11\/diario-vasco-aula-de-salud-.jpg","name":"diario-vasco-aula-de-salud-","isPartOf":{"@id":"https:\/\/cuellarcot.com\/#website"},"datePublished":"2019-11-01T15:15:21+00:00","dateModified":"2019-11-01T15:16:19+00:00","breadcrumb":{"@id":"https:\/\/cuellarcot.com\/wp-content\/uploads\/2019\/11\/diario-vasco-aula-de-salud-.jpg#breadcrumb"},"inLanguage":"es","potentialAction":[{"@type":"ReadAction","target":["https:\/\/cuellarcot.com\/wp-content\/uploads\/2019\/11\/diario-vasco-aula-de-salud-.jpg"]}]},{"@type":"BreadcrumbList","@id":"https:\/\/cuellarcot.com\/wp-content\/uploads\/2019\/11\/diario-vasco-aula-de-salud-.jpg#breadcrumb","itemListElement":[{"@type":"ListItem","position":1,"name":"Portada","item":"https:\/\/cuellarcot.com\/"},{"@type":"ListItem","position":2,"name":"\u00c9xito en el Aula de Salud celebrada ayer bajo el t\u00edtulo \u00abPr\u00f3tesis personalizadas y cirug\u00eda artrosc\u00f3pica para tratar patolog\u00edas de hombro\u00bb","item":"https:\/\/cuellarcot.com\/index.php\/2019\/11\/01\/exito-en-el-aula-de-salud-celebrada-ayer-bajo-el-titulo-protesis-personalizadas-y-cirugia-artroscopica-para-tratar-patologias-de-hombro\/"},{"@type":"ListItem","position":3,"name":"diario-vasco-aula-de-salud-"}]},{"@type":"WebSite","@id":"https:\/\/cuellarcot.com\/#website","url":"https:\/\/cuellarcot.com\/","name":"","description":"Traumatolog\u00eda, Cirug\u00eda ortop\u00e9dica y Artroscopia","potentialAction":[{"@type":"SearchAction","target":{"@type":"EntryPoint","urlTemplate":"https:\/\/cuellarcot.com\/?s={search_term_string}"},"query-input":"required name=search_term_string"}],"inLanguage":"es"}]}},"description":{"rendered":"<p class=\"attachment\"><a href='https:\/\/cuellarcot.com\/wp-content\/uploads\/2019\/11\/diario-vasco-aula-de-salud-.jpg'><img width=\"218\" height=\"300\" src=\"https:\/\/cuellarcot.com\/wp-content\/uploads\/2019\/11\/diario-vasco-aula-de-salud--218x300.jpg\" class=\"attachment-medium size-medium\" alt=\"\" decoding=\"async\" loading=\"lazy\" srcset=\"https:\/\/cuellarcot.com\/wp-content\/uploads\/2019\/11\/diario-vasco-aula-de-salud--218x300.jpg 218w, https:\/\/cuellarcot.com\/wp-content\/uploads\/2019\/11\/diario-vasco-aula-de-salud--768x1057.jpg 768w, https:\/\/cuellarcot.com\/wp-content\/uploads\/2019\/11\/diario-vasco-aula-de-salud--744x1024.jpg 744w, https:\/\/cuellarcot.com\/wp-content\/uploads\/2019\/11\/diario-vasco-aula-de-salud-.jpg 867w\" sizes=\"(max-width: 218px) 100vw, 218px\" \/><\/a><\/p>\n"},"caption":{"rendered":""},"alt_text":"","media_type":"image","mime_type":"image\/jpeg","media_details":{"width":867,"height":1193,"file":"2019\/11\/diario-vasco-aula-de-salud-.jpg","sizes":{"thumbnail":{"file":"diario-vasco-aula-de-salud--150x150.jpg","width":150,"height":150,"mime_type":"image\/jpeg","source_url":"https:\/\/cuellarcot.com\/wp-content\/uploads\/2019\/11\/diario-vasco-aula-de-salud--150x150.jpg"},"medium":{"file":"diario-vasco-aula-de-salud--218x300.jpg","width":218,"height":300,"mime_type":"image\/jpeg","source_url":"https:\/\/cuellarcot.com\/wp-content\/uploads\/2019\/11\/diario-vasco-aula-de-salud--218x300.jpg"},"medium_large":{"file":"diario-vasco-aula-de-salud--768x1057.jpg","width":768,"height":1057,"mime_type":"image\/jpeg","source_url":"https:\/\/cuellarcot.com\/wp-content\/uploads\/2019\/11\/diario-vasco-aula-de-salud--768x1057.jpg"},"large":{"file":"diario-vasco-aula-de-salud--744x1024.jpg","width":744,"height":1024,"mime_type":"image\/jpeg","source_url":"https:\/\/cuellarcot.com\/wp-content\/uploads\/2019\/11\/diario-vasco-aula-de-salud--744x1024.jpg"},"campus-lite-homepage-thumb":{"file":"diario-vasco-aula-de-salud--240x145.jpg","width":240,"height":145,"mime_type":"image\/jpeg","source_url":"https:\/\/cuellarcot.com\/wp-content\/uploads\/2019\/11\/diario-vasco-aula-de-salud--240x145.jpg"},"full":{"file":"diario-vasco-aula-de-salud-.jpg","width":867,"height":1193,"mime_type":"image\/jpeg","source_url":"https:\/\/cuellarcot.com\/wp-content\/uploads\/2019\/11\/diario-vasco-aula-de-salud-.jpg"}},"image_meta":{"aperture":"0","credit":"","camera":"","caption":"","created_timestamp":"0","copyright":"","focal_length":"0","iso":"0","shutter_speed":"0","title":"","orientation":"0","keywords":[]}},"post":1332,"source_url":"https:\/\/cuellarcot.com\/wp-content\/uploads\/2019\/11\/diario-vasco-aula-de-salud-.jpg","_links":{"self":[{"href":"https:\/\/cuellarcot.com\/index.php\/wp-json\/wp\/v2\/media\/1336"}],"collection":[{"href":"https:\/\/cuellarcot.com\/index.php\/wp-json\/wp\/v2\/media"}],"about":[{"href":"https:\/\/cuellarcot.com\/index.php\/wp-json\/wp\/v2\/types\/attachment"}],"author":[{"embeddable":true,"href":"https:\/\/cuellarcot.com\/index.php\/wp-json\/wp\/v2\/users\/1"}],"replies":[{"embeddable":true,"href":"https:\/\/cuellarcot.com\/index.php\/wp-json\/wp\/v2\/comments?post=1336"}]}}

<!-- This site is optimized with the Yoast SEO plugin v20.11 - https://yoast.com/wordpress/plugins/seo/ -->
<title>diario-vasco-aula-de-salud-</title>
<meta name="robots" content="index, follow, max-snippet:-1, max-image-preview:large, max-video-preview:-1" />
<link rel="canonical" href="https://cuellarcot.com/wp-content/uploads/2019/11/diario-vasco-aula-de-salud-.jpg" />
<meta property="og:locale" content="es_ES" />
<meta property="og:type" content="article" />
<meta property="og:title" content="diario-vasco-aula-de-salud-" />
<meta property="og:url" content="https://cuellarcot.com/wp-content/uploads/2019/11/diario-vasco-aula-de-salud-.jpg" />
<meta property="article:modified_time" content="2019-11-01T15:16:19+00:00" />
<meta property="og:image" content="https://cuellarcot.com/wp-content/uploads/2019/11/diario-vasco-aula-de-salud-.jpg" />
	<meta property="og:image:width" content="867" />
	<meta property="og:image:height" content="1193" />
	<meta property="og:image:type" content="image/jpeg" />
<meta name="twitter:card" content="summary_large_image" />
<script type="application/ld+json" class="yoast-schema-graph">{"@context":"https://schema.org","@graph":[{"@type":"WebPage","@id":"https://cuellarcot.com/wp-content/uploads/2019/11/diario-vasco-aula-de-salud-.jpg","url":"https://cuellarcot.com/wp-content/uploads/2019/11/diario-vasco-aula-de-salud-.jpg","name":"diario-vasco-aula-de-salud-","isPartOf":{"@id":"https://cuellarcot.com/#website"},"datePublished":"2019-11-01T15:15:21+00:00","dateModified":"2019-11-01T15:16:19+00:00","breadcrumb":{"@id":"https://cuellarcot.com/wp-content/uploads/2019/11/diario-vasco-aula-de-salud-.jpg#breadcrumb"},"inLanguage":"es","potentialAction":[{"@type":"ReadAction","target":["https://cuellarcot.com/wp-content/uploads/2019/11/diario-vasco-aula-de-salud-.jpg"]}]},{"@type":"BreadcrumbList","@id":"https://cuellarcot.com/wp-content/uploads/2019/11/diario-vasco-aula-de-salud-.jpg#breadcrumb","itemListElement":[{"@type":"ListItem","position":1,"name":"Portada","item":"https://cuellarcot.com/"},{"@type":"ListItem","position":2,"name":"Éxito en el Aula de Salud celebrada ayer bajo el título «Prótesis personalizadas y cirugía artroscópica para tratar patologías de hombro»","item":"https://cuellarcot.com/index.php/2019/11/01/exito-en-el-aula-de-salud-celebrada-ayer-bajo-el-titulo-protesis-personalizadas-y-cirugia-artroscopica-para-tratar-patologias-de-hombro/"},{"@type":"ListItem","position":3,"name":"diario-vasco-aula-de-salud-"}]},{"@type":"WebSite","@id":"https://cuellarcot.com/#website","url":"https://cuellarcot.com/","name":"","description":"Traumatología, Cirugía ortopédica y Artroscopia","potentialAction":[{"@type":"SearchAction","target":{"@type":"EntryPoint","urlTemplate":"https://cuellarcot.com/?s={search_term_string}"},"query-input":"required name=search_term_string"}],"inLanguage":"es"}]}</script>
<!-- / Yoast SEO plugin. -->

Éxito en el Aula de Salud celebrada ayer bajo el título «Prótesis personalizadas y cirugía artroscópica para tratar patologías de hombro»

Traumatología, Cirugía ortopédica y Artroscopia
