{"id":579,"date":"2017-12-18T12:34:45","date_gmt":"2017-12-18T11:34:45","guid":{"rendered":"http:\/\/cuellarcot.com\/?page_id=579"},"modified":"2017-12-19T00:50:56","modified_gmt":"2017-12-18T23:50:56","slug":"cursos-realizados-dr-adrian-cuellar","status":"publish","type":"page","link":"https:\/\/cuellarcot.com\/index.php\/sobre-nosotros\/dr-adrian-cuellar-ayestaran\/cursos-realizados-dr-adrian-cuellar\/","title":{"rendered":"Cursos Realizados Dr. Adri\u00e1n Cu\u00e9llar"},"content":{"rendered":"<p><span style=\"color: #000000;\">Listado de los cursos realizados por el Doctor Adri\u00e1n Cu\u00e9llar Ayestar\u00e1n durante su trayectoria profesional dirigidos a la especializaci\u00f3n y perfeccionamiento de su labor como especialista en Traumatolog\u00eda, Cirug\u00eda ortop\u00e9dica y Artroscopia.<\/span><\/p>\n<p>&nbsp;<\/p>\n<p><img decoding=\"async\" loading=\"lazy\" class=\"wp-image-582 aligncenter\" src=\"http:\/\/cuellarcot.com\/wp-content\/uploads\/2017\/12\/CON-RIC-EN-Q-RECORTADA-300x111.jpg\" alt=\"\" width=\"646\" height=\"239\" srcset=\"https:\/\/cuellarcot.com\/wp-content\/uploads\/2017\/12\/CON-RIC-EN-Q-RECORTADA-300x111.jpg 300w, https:\/\/cuellarcot.com\/wp-content\/uploads\/2017\/12\/CON-RIC-EN-Q-RECORTADA-768x284.jpg 768w, https:\/\/cuellarcot.com\/wp-content\/uploads\/2017\/12\/CON-RIC-EN-Q-RECORTADA.jpg 997w\" sizes=\"(max-width: 646px) 100vw, 646px\" \/><\/p>\n<p style=\"text-align: center;\">\n<!-- Buttons X - Start -->\n<style type=\"text\/css\" scoped>\/*647-start*\/\n#btnsx-647{margin-top:50px;margin-bottom:50px;margin-left:50px;margin-right:50px;padding-top:10px;padding-bottom:10px;padding-left:10px;padding-right:10px;}\n#btnsx-647 .btnsx-text-primary{text-transform:inherit;font-size:21px;line-height:21px;font-style:normal;color:#ffffff;padding-top:0px;padding-bottom:0px;padding-left:0px;padding-right:0px;}\n#btnsx-647:hover .btnsx-text-primary{color:#2e53ba;}\n#btnsx-647{background-color:#1a589e!important;}\n#btnsx-647:hover{background-color:#e8e8e8!important;}\n#btnsx-647{border-top-width:0px;border-bottom-width:0px;border-left-width:0px;border-right-width:0px;border-style:none;border-top-left-radius:30px;border-top-right-radius:30px;border-bottom-left-radius:30px;border-bottom-right-radius:30px;}\n#btnsx-647:hover{border-top-width:0px;border-bottom-width:0px;border-left-width:0px;border-right-width:0px;border-style:none;border-top-left-radius:30px;border-top-right-radius:30px;border-bottom-left-radius:30px;border-bottom-right-radius:30px;}\n#btnsx-647{-webkit-box-shadow:none;box-shadow:none;}\n#btnsx-647:hover{-webkit-box-shadow:none;box-shadow:none;}\n\/*647-end*\/\n<\/style>\n<a href=\"http:\/\/cuellarcot.com\/index.php\/sobre-nosotros\/dr-adrian-cuellar-ayestaran\/cursos-realizados-dr-adrian-cuellar\/cursos-rodilla\/\" id=\"btnsx-647\" target=\"_blank\" class=\"btnsx-btn\" >\n\t<span class=\"btnsx-text-primary \">Cursos rodilla<\/span><\/a>\n\n<!-- Buttons X - End -->\n\n<!-- Buttons X - Start -->\n<style type=\"text\/css\" scoped>\/*646-start*\/\n#btnsx-646{margin-top:50px;margin-bottom:50px;margin-left:50px;margin-right:50px;padding-top:10px;padding-bottom:10px;padding-left:10px;padding-right:10px;}\n#btnsx-646 .btnsx-text-primary{font-size:21px;line-height:21px;font-style:normal;color:#ffffff;padding-top:0px;padding-bottom:0px;padding-left:0px;padding-right:0px;}\n#btnsx-646:hover .btnsx-text-primary{color:#dd3333;}\n#btnsx-646{background-color:#dd3333!important;}\n#btnsx-646:hover{background-color:#e8e8e8!important;}\n#btnsx-646{border-top-width:0px;border-bottom-width:0px;border-left-width:0px;border-right-width:0px;border-style:none;border-top-left-radius:31px;border-top-right-radius:30px;border-bottom-left-radius:30px;border-bottom-right-radius:30px;}\n#btnsx-646:hover{border-top-width:0px;border-bottom-width:0px;border-left-width:0px;border-right-width:0px;border-style:none;border-top-left-radius:31px;border-top-right-radius:30px;border-bottom-left-radius:30px;border-bottom-right-radius:30px;}\n#btnsx-646{-webkit-box-shadow:none;box-shadow:none;}\n#btnsx-646:hover{-webkit-box-shadow:none;box-shadow:none;}\n\/*646-end*\/\n<\/style>\n<a href=\"http:\/\/cuellarcot.com\/index.php\/sobre-nosotros\/dr-adrian-cuellar-ayestaran\/cursos-realizados-dr-adrian-cuellar\/cursos-cadera\/\" id=\"btnsx-646\" target=\"_blank\" class=\"btnsx-btn\" >\n\t<span class=\"btnsx-text-primary \">Cursos cadera<\/span><\/a>\n\n<!-- Buttons X - End -->\n\n<!-- Buttons X - Start -->\n<style type=\"text\/css\" scoped>\/*580-start*\/\n#btnsx-580{margin-top:50px;margin-bottom:50px;margin-left:50px;margin-right:50px;padding-top:10px;padding-bottom:10px;padding-left:10px;padding-right:10px;}\n#btnsx-580 .btnsx-text-primary{font-size:21px;line-height:21px;font-style:normal;color:#ffffff;padding-top:0px;padding-bottom:0px;padding-left:0px;padding-right:0px;}\n#btnsx-580:hover .btnsx-text-primary{color:#8224e3;}\n#btnsx-580{background-color:#8224e3!important;}\n#btnsx-580:hover{background-color:#e8e8e8!important;}\n#btnsx-580{border-top-width:0px;border-bottom-width:0px;border-left-width:0px;border-right-width:0px;border-style:none;border-top-left-radius:30px;border-top-right-radius:30px;border-bottom-left-radius:30px;border-bottom-right-radius:30px;}\n#btnsx-580:hover{border-top-width:0px;border-bottom-width:0px;border-left-width:0px;border-right-width:0px;border-style:none;border-top-left-radius:30px;border-top-right-radius:30px;border-bottom-left-radius:30px;border-bottom-right-radius:30px;}\n#btnsx-580{-webkit-box-shadow:none;box-shadow:none;}\n#btnsx-580:hover{-webkit-box-shadow:none;box-shadow:none;}\n\/*580-end*\/\n<\/style>\n<a href=\"http:\/\/cuellarcot.com\/index.php\/sobre-nosotros\/dr-adrian-cuellar-ayestaran\/cursos-realizados-dr-adrian-cuellar\/cursos-hombro\/\" id=\"btnsx-580\" target=\"_blank\" class=\"btnsx-btn\" >\n\t<span class=\"btnsx-text-primary \">Cursos hombro<\/span><\/a>\n\n<!-- Buttons X - End -->\n<\/p>\n<p>&nbsp;<\/p>\n<p style=\"text-align: center;\"><span style=\"text-decoration: underline; font-size: 24px;\"><span style=\"color: #000000; text-decoration: underline;\"><strong>Otros cursos:<\/strong><\/span><\/span><\/p>\n<ul>\n<li style=\"text-align: left;\"><span style=\"color: #000000; font-size: 14px;\"><span style=\"font-family: Arial, sans-serif;\"><strong>AGA (Gesellschaft f\u00fcr Arthroskopie und Gelenkchirurgie) congress.<\/strong> Basel. 15-17th of September. 2016<\/span><\/span><\/li>\n<li><span style=\"color: #000000; font-size: 14px;\"><span style=\"font-family: Arial, sans-serif;\"><strong>Meet the expert evolution in total elbow arthroplasty.<\/strong> Frankfurt. 14th of June. 2016<\/span><\/span><\/li>\n<li><span style=\"color: #000000; font-size: 14px;\"><span style=\"font-family: Arial, sans-serif;\"><strong>VII International Musculoskeletal Ultrasound Course<\/strong>. San Sebastian. 21th-23th of October. 2015<\/span><\/span><\/li>\n<li><span style=\"color: #000000; font-size: 14px;\"><span style=\"font-family: Arial, sans-serif;\"><strong>National Congress of the Spanish Orthopedic Surgery and Trauma Society.<\/strong> Valencia. 2015<\/span><\/span><\/li>\n<li><span style=\"color: #000000; font-size: 14px;\"><span style=\"font-family: Arial, sans-serif;\"><strong>International advanced course on elbow surgery.<\/strong> Madrid 2015<\/span><\/span><\/li>\n<li><span style=\"color: #000000; font-size: 14px;\"><span style=\"font-family: Arial, sans-serif;\"><strong>SECHC Congress 2015.<\/strong> Gran Canaria. 5-7th of March. 201<\/span><\/span><\/li>\n<li><span style=\"color: #000000; font-size: 14px;\"><span style=\"font-family: Arial, sans-serif;\"><strong>6th edition of the Santander International Orthopaedic Meeting<\/strong>. Santander. 13-14th of February. 201<\/span><\/span><\/li>\n<li><span style=\"color: #000000; font-size: 14px;\"><span style=\"font-family: Arial, sans-serif;\"><strong>Course on introduction to the Orthopaedic Surgery and Traumatology speciality. Practical application of the basic sciences.<\/strong> Madrid. 13t-14th of June 2013.<\/span><\/span><\/li>\n<\/ul>\n<p lang=\"\" align=\"JUSTIFY\">\n","protected":false},"excerpt":{"rendered":"<p>Listado de los cursos realizados por el Doctor Adri\u00e1n Cu\u00e9llar Ayestar\u00e1n durante su trayectoria profesional dirigidos a la especializaci\u00f3n y perfeccionamiento de su labor como especialista en Traumatolog\u00eda, Cirug\u00eda ortop\u00e9dica y Artroscopia. &nbsp; &nbsp; Otros cursos: AGA (Gesellschaft f\u00fcr Arthroskopie und Gelenkchirurgie) congress. Basel. 15-17th of September. 2016 Meet the expert evolution in total elbow [&hellip;]<\/p>\n","protected":false},"author":1,"featured_media":0,"parent":527,"menu_order":0,"comment_status":"closed","ping_status":"closed","template":"","meta":{"_exactmetrics_skip_tracking":false,"_exactmetrics_sitenote_active":false,"_exactmetrics_sitenote_note":"","_exactmetrics_sitenote_category":0,"ngg_post_thumbnail":0},"categories":[19],"tags":[],"yoast_head":"<!-- This site is optimized with the Yoast SEO plugin v20.11 - https:\/\/yoast.com\/wordpress\/plugins\/seo\/ -->\n<title>Dr. Adri\u00e1n Cu\u00e9llar Ayestar\u00e1n - Cursos realizados - Cuellarcot.com<\/title>\n<meta name=\"description\" content=\"Listado de los cursos realizados por el Doctor Adri\u00e1n Cu\u00e9llar Ayestar\u00e1n durante su trayectoria profesional como especialista .\" \/>\n<meta name=\"robots\" content=\"index, follow, max-snippet:-1, max-image-preview:large, max-video-preview:-1\" \/>\n<link rel=\"canonical\" href=\"https:\/\/cuellarcot.com\/index.php\/sobre-nosotros\/dr-adrian-cuellar-ayestaran\/cursos-realizados-dr-adrian-cuellar\/\" \/>\n<meta property=\"og:locale\" content=\"es_ES\" \/>\n<meta property=\"og:type\" content=\"article\" \/>\n<meta property=\"og:title\" content=\"Dr. Adri\u00e1n Cu\u00e9llar Ayestar\u00e1n - Cursos realizados - Cuellarcot.com\" \/>\n<meta property=\"og:description\" content=\"Listado de los cursos realizados por el Doctor Adri\u00e1n Cu\u00e9llar Ayestar\u00e1n durante su trayectoria profesional como especialista .\" \/>\n<meta property=\"og:url\" content=\"https:\/\/cuellarcot.com\/index.php\/sobre-nosotros\/dr-adrian-cuellar-ayestaran\/cursos-realizados-dr-adrian-cuellar\/\" \/>\n<meta property=\"article:modified_time\" content=\"2017-12-18T23:50:56+00:00\" \/>\n<meta property=\"og:image\" content=\"http:\/\/cuellarcot.com\/wp-content\/uploads\/2017\/12\/CON-RIC-EN-Q-RECORTADA-300x111.jpg\" \/>\n<meta name=\"twitter:card\" content=\"summary_large_image\" \/>\n<meta name=\"twitter:label1\" content=\"Tiempo de lectura\" \/>\n\t<meta name=\"twitter:data1\" content=\"1 minuto\" \/>\n<script type=\"application\/ld+json\" class=\"yoast-schema-graph\">{\"@context\":\"https:\/\/schema.org\",\"@graph\":[{\"@type\":\"WebPage\",\"@id\":\"https:\/\/cuellarcot.com\/index.php\/sobre-nosotros\/dr-adrian-cuellar-ayestaran\/cursos-realizados-dr-adrian-cuellar\/\",\"url\":\"https:\/\/cuellarcot.com\/index.php\/sobre-nosotros\/dr-adrian-cuellar-ayestaran\/cursos-realizados-dr-adrian-cuellar\/\",\"name\":\"Dr. Adri\u00e1n Cu\u00e9llar Ayestar\u00e1n - Cursos realizados - Cuellarcot.com\",\"isPartOf\":{\"@id\":\"https:\/\/cuellarcot.com\/#website\"},\"datePublished\":\"2017-12-18T11:34:45+00:00\",\"dateModified\":\"2017-12-18T23:50:56+00:00\",\"description\":\"Listado de los cursos realizados por el Doctor Adri\u00e1n Cu\u00e9llar Ayestar\u00e1n durante su trayectoria profesional como especialista .\",\"breadcrumb\":{\"@id\":\"https:\/\/cuellarcot.com\/index.php\/sobre-nosotros\/dr-adrian-cuellar-ayestaran\/cursos-realizados-dr-adrian-cuellar\/#breadcrumb\"},\"inLanguage\":\"es\",\"potentialAction\":[{\"@type\":\"ReadAction\",\"target\":[\"https:\/\/cuellarcot.com\/index.php\/sobre-nosotros\/dr-adrian-cuellar-ayestaran\/cursos-realizados-dr-adrian-cuellar\/\"]}]},{\"@type\":\"BreadcrumbList\",\"@id\":\"https:\/\/cuellarcot.com\/index.php\/sobre-nosotros\/dr-adrian-cuellar-ayestaran\/cursos-realizados-dr-adrian-cuellar\/#breadcrumb\",\"itemListElement\":[{\"@type\":\"ListItem\",\"position\":1,\"name\":\"Portada\",\"item\":\"https:\/\/cuellarcot.com\/\"},{\"@type\":\"ListItem\",\"position\":2,\"name\":\"Sobre nosotros\",\"item\":\"https:\/\/cuellarcot.com\/index.php\/sobre-nosotros\/\"},{\"@type\":\"ListItem\",\"position\":3,\"name\":\"Dr. Adri\u00e1n Cuellar Ayestar\u00e1n\",\"item\":\"https:\/\/cuellarcot.com\/index.php\/sobre-nosotros\/dr-adrian-cuellar-ayestaran\/\"},{\"@type\":\"ListItem\",\"position\":4,\"name\":\"Cursos Realizados Dr. Adri\u00e1n Cu\u00e9llar\"}]},{\"@type\":\"WebSite\",\"@id\":\"https:\/\/cuellarcot.com\/#website\",\"url\":\"https:\/\/cuellarcot.com\/\",\"name\":\"\",\"description\":\"Traumatolog\u00eda, Cirug\u00eda ortop\u00e9dica y Artroscopia\",\"potentialAction\":[{\"@type\":\"SearchAction\",\"target\":{\"@type\":\"EntryPoint\",\"urlTemplate\":\"https:\/\/cuellarcot.com\/?s={search_term_string}\"},\"query-input\":\"required name=search_term_string\"}],\"inLanguage\":\"es\"}]}<\/script>\n<!-- \/ Yoast SEO plugin. -->","yoast_head_json":{"title":"Dr. Adri\u00e1n Cu\u00e9llar Ayestar\u00e1n - Cursos realizados - Cuellarcot.com","description":"Listado de los cursos realizados por el Doctor Adri\u00e1n Cu\u00e9llar Ayestar\u00e1n durante su trayectoria profesional como especialista .","robots":{"index":"index","follow":"follow","max-snippet":"max-snippet:-1","max-image-preview":"max-image-preview:large","max-video-preview":"max-video-preview:-1"},"canonical":"https:\/\/cuellarcot.com\/index.php\/sobre-nosotros\/dr-adrian-cuellar-ayestaran\/cursos-realizados-dr-adrian-cuellar\/","og_locale":"es_ES","og_type":"article","og_title":"Dr. Adri\u00e1n Cu\u00e9llar Ayestar\u00e1n - Cursos realizados - Cuellarcot.com","og_description":"Listado de los cursos realizados por el Doctor Adri\u00e1n Cu\u00e9llar Ayestar\u00e1n durante su trayectoria profesional como especialista .","og_url":"https:\/\/cuellarcot.com\/index.php\/sobre-nosotros\/dr-adrian-cuellar-ayestaran\/cursos-realizados-dr-adrian-cuellar\/","article_modified_time":"2017-12-18T23:50:56+00:00","og_image":[{"url":"http:\/\/cuellarcot.com\/wp-content\/uploads\/2017\/12\/CON-RIC-EN-Q-RECORTADA-300x111.jpg"}],"twitter_card":"summary_large_image","twitter_misc":{"Tiempo de lectura":"1 minuto"},"schema":{"@context":"https:\/\/schema.org","@graph":[{"@type":"WebPage","@id":"https:\/\/cuellarcot.com\/index.php\/sobre-nosotros\/dr-adrian-cuellar-ayestaran\/cursos-realizados-dr-adrian-cuellar\/","url":"https:\/\/cuellarcot.com\/index.php\/sobre-nosotros\/dr-adrian-cuellar-ayestaran\/cursos-realizados-dr-adrian-cuellar\/","name":"Dr. Adri\u00e1n Cu\u00e9llar Ayestar\u00e1n - Cursos realizados - Cuellarcot.com","isPartOf":{"@id":"https:\/\/cuellarcot.com\/#website"},"datePublished":"2017-12-18T11:34:45+00:00","dateModified":"2017-12-18T23:50:56+00:00","description":"Listado de los cursos realizados por el Doctor Adri\u00e1n Cu\u00e9llar Ayestar\u00e1n durante su trayectoria profesional como especialista .","breadcrumb":{"@id":"https:\/\/cuellarcot.com\/index.php\/sobre-nosotros\/dr-adrian-cuellar-ayestaran\/cursos-realizados-dr-adrian-cuellar\/#breadcrumb"},"inLanguage":"es","potentialAction":[{"@type":"ReadAction","target":["https:\/\/cuellarcot.com\/index.php\/sobre-nosotros\/dr-adrian-cuellar-ayestaran\/cursos-realizados-dr-adrian-cuellar\/"]}]},{"@type":"BreadcrumbList","@id":"https:\/\/cuellarcot.com\/index.php\/sobre-nosotros\/dr-adrian-cuellar-ayestaran\/cursos-realizados-dr-adrian-cuellar\/#breadcrumb","itemListElement":[{"@type":"ListItem","position":1,"name":"Portada","item":"https:\/\/cuellarcot.com\/"},{"@type":"ListItem","position":2,"name":"Sobre nosotros","item":"https:\/\/cuellarcot.com\/index.php\/sobre-nosotros\/"},{"@type":"ListItem","position":3,"name":"Dr. Adri\u00e1n Cuellar Ayestar\u00e1n","item":"https:\/\/cuellarcot.com\/index.php\/sobre-nosotros\/dr-adrian-cuellar-ayestaran\/"},{"@type":"ListItem","position":4,"name":"Cursos Realizados Dr. Adri\u00e1n Cu\u00e9llar"}]},{"@type":"WebSite","@id":"https:\/\/cuellarcot.com\/#website","url":"https:\/\/cuellarcot.com\/","name":"","description":"Traumatolog\u00eda, Cirug\u00eda ortop\u00e9dica y Artroscopia","potentialAction":[{"@type":"SearchAction","target":{"@type":"EntryPoint","urlTemplate":"https:\/\/cuellarcot.com\/?s={search_term_string}"},"query-input":"required name=search_term_string"}],"inLanguage":"es"}]}},"_links":{"self":[{"href":"https:\/\/cuellarcot.com\/index.php\/wp-json\/wp\/v2\/pages\/579"}],"collection":[{"href":"https:\/\/cuellarcot.com\/index.php\/wp-json\/wp\/v2\/pages"}],"about":[{"href":"https:\/\/cuellarcot.com\/index.php\/wp-json\/wp\/v2\/types\/page"}],"author":[{"embeddable":true,"href":"https:\/\/cuellarcot.com\/index.php\/wp-json\/wp\/v2\/users\/1"}],"replies":[{"embeddable":true,"href":"https:\/\/cuellarcot.com\/index.php\/wp-json\/wp\/v2\/comments?post=579"}],"version-history":[{"count":6,"href":"https:\/\/cuellarcot.com\/index.php\/wp-json\/wp\/v2\/pages\/579\/revisions"}],"predecessor-version":[{"id":653,"href":"https:\/\/cuellarcot.com\/index.php\/wp-json\/wp\/v2\/pages\/579\/revisions\/653"}],"up":[{"embeddable":true,"href":"https:\/\/cuellarcot.com\/index.php\/wp-json\/wp\/v2\/pages\/527"}],"wp:attachment":[{"href":"https:\/\/cuellarcot.com\/index.php\/wp-json\/wp\/v2\/media?parent=579"}],"wp:term":[{"taxonomy":"category","embeddable":true,"href":"https:\/\/cuellarcot.com\/index.php\/wp-json\/wp\/v2\/categories?post=579"},{"taxonomy":"post_tag","embeddable":true,"href":"https:\/\/cuellarcot.com\/index.php\/wp-json\/wp\/v2\/tags?post=579"}],"curies":[{"name":"wp","href":"https:\/\/api.w.org\/{rel}","templated":true}]}}